 - -4)
3
Calculate -2 + -4 + 0 - (-4 + 0).
-2
Calculate 0 + (-8 - -3 - -12).
7
Calculate (3 - 0) + -5 + 3.
1
-9 - (-8 - -5) - -12
6
Evaluate 15 + (-6 - (11 + -5)).
3
What is the value of (3 - 3) + (1 - 1) + -1?
-1
What is the value of 21 + -23 - (1 + -6)?
3
What is the value of 1 + 1 + 0 + -1?
1
Evaluate -2 - (7 - ((-2 - 3) + 8)).
-6
What is 3 - (14 + (-17 - -11))?
-5
Calculate 0 + -4 - (9 - 7 - 11).
5
Evaluate 1 + -5 + 15 + -15 - -6.
2
(-5 - (-5 + 2 - -3)) + 5
0
What is 0 + 1 + -1 - (-191 + 195)?
-4
What is -14 - (0 - (1 + -1) - 6)?
-8
3 - (10 - 0) - -6
-1
Evaluate (-14 - 3) + 10 + (-1 - -3).
-5
What is 0 - (3 - (0 - -10))?
7
Evaluate -2 + (2 - 0) + (1 - -3).
4
What is the value of 1 - 5 - (21 - 10 - 10)?
-5
-4 - -8 - -5 - 7
2
Calculate 2 - (-4 - (-6 - (-10 + 4))).
6
What is -17 - -27 - 6 - (2 + -1)?
3
What is the value of 5 + (1 - 4) + 2?
4
Evaluate (-3 - (1 + -1)) + (-106 - -106).
-3
31 + -32 + 4 + -1
2
Calculate 2 - 0 - -2 - 2.
2
What is 3 + (-3 - 0) + (3 - 2)?
1
Calculate -3 - (4 + (4 - 11)).
0
Evaluate -6 - -4 - -2 - (3 - 1).
-2
Calculate -1 - (-3 + 2 - 4).
4
Calculate (2 - -2) + (-3 - 4).
-3
What is 7 + -13 + (2 - 0)?
-4
-5 + 3 + 5 + 1
4
Evaluate -11 + 16 + (5 - 4).
6
Calculate (3 - 5) + 1 + -2 - -2.
-1
What is the value of -5 + 2 - (-3 - (2 + -3))?
-1
What is -11 + (-7 - -14) + 4?
0
What is -4 + 12 + (-14 - -13)?
7
What is -5 - (-3 - -1) - 0?
-3
What is (-7 - (1 - 8) - 0) + -7?
-7
Calculate 2 + (6 - 7) + -3 + 7.
5
What is the value of -15 - (-3 + -5) - -8?
1
(11 - 22) + -2 + 14
1
What is -2 - -1 - (-1 - -2)?
-2
(-4 - (2 - 1)) + 2
-3
Evaluate 4 - (-3 - -11) - (-2 - -2).
-4
Evaluate -6 - 3 - (-4 + 6 - 4).
-7
Evaluate 0 + (6 - 13) + 7 + 1.
1
Evaluate -4 + 13 + (2 - 6).
5
What is -2 + -7 + -51 + 61?
1
What is the value of -7 + (4 - (3 + -6))?
0
-3 + (6 - 2) + (16 - 12)
5
Evaluate 0 + 0 - 5 - (-12 + 12).
-5
Evaluate 0 + 1 + -1 - (15 + -19).
4
Evaluate 6 - (4 + 2 + 1 + -6).
5
What is the value of 3 + (3 - (12 - 1))?
-5
Evaluate 1 - (-2 - (1 + -1 + -1)).
2
What is 4 + 4 + (3 - 2) + -11?
-2
1 + (5 - (9 - (4 + 2)))
3
What is (10 - -1) + -7 + -2?
2
What is (-3 + 3 - -1) + -6?
-5
Calculate 1 + (-4 - (5 - 2 - 1)).
-5
Calculate (-4 - (-5 + 8) - -6) + 3.
2
Evaluate -15 + -1 + 16 + -4.
-4
Evaluate 5 + 5 + -10 + -1.
-1
Calculate 4 - (-2 + 2 - -1).
3
Evaluate (-1 - -2) + (3 - 1 - 5).
-2
-3 - -1 - (13 + -13 + -3)
1
What is the value of (-18 + 12 - -1) + 1 + 0?
-4
Evaluate 8 + (-1 - 0 - (5 - 3)).
5
What is the value of (6 - -3) + (-3 - 4)?
2
Evaluate 5 + (0 - -1) + -1 + -6.
-1
What is the value of 14 - 3 - (-4 - -3 - -8)?
4
Calculate (-14 + 7 - -4) + (2 - 0).
-1
What is 2 + 3 + (5 - (14 - 5))?
1
Calculate 10 + -3 + -2 + 0.
5
Calculate 17 + -13 + -7 - (2 + 2).
-7
Calculate (2 - (2 - 2)) + -5 + 0.
-3
What is the value of (14 - 7) + (10 - 17)?
0
-4 - (0 + (7 - -1) + -3)
-9
What is -7 + -18 + 8 + 14?
-3
What is 17 + -22 + (1 - -9)?
5
What is (-3 - -9) + (-3 - -3) + -1?
5
3 - (-4 + 3) - 7
-3
-93 + 98 + 0 + 2
7
What is the value of (6 + -12 - -2) + 7 + -5?
-2
What is the value of 3 + (-7 - (-6 - -4)) + -2?
-4
What is -3 - (-5 - -7 - 3)?
-2
What is the value of 91 - 98 - (1 + -6)?
-2
4 + (7 + -12 - 8)
-9
Calculate 2 - -4 - 0 - (-6 - -11).
1
Evaluate (1 + (-6 - 0) - -2) + 1.
-2
(11 - 13) + -6 + 4
-4
Calculate 4 + -5 - (3 + 4 - 2).
-6
-36 + 37 - (1 - 6)
6
What is -18 - (-14 + 1) - (-14 + 1)?
8
Calculate 7 + -15 + (1 - (-2 + 0)).
-5
Evaluate 2 + -3 + 1 + 3 + 0.
3
What is the value of (-4 - -7) + -3 - 3?
-3
(-15 - -8) + (11 - 4)
0
What is the value of 4 + -4 - (-2 - -3 - -2)?
-3
What is (1 - -1) + -2 + -1?
-1
5 + -2 - (-8 - (-2 + -2))
7
Evaluate 0 + -6 + 5 + 1.
0
-6 - (-5 - -7 - 4)
-4
7 - 0 - (-1 + 0 + 4)
4
What is 3 - (4 + -9 + 0 - -4)?
4
What is -3 + 2 - (9 + -13)?
3
Evaluate 2 + -9 + 3 - (0 + 1).
-5
Calculate -14 - -6 - (-2 - -4 - 6).
-4
What is (7 - 2 - 9) + (-7 - -11)?
0
What is 3 - (-6 + 5) - (1 + 0)?
3
Evaluate -1 + (-7 - -2) + 2.
-4
What is -7 - (-4 - (4 + -7)) - 3?
-9
What is -2 + 0 + 5 + -6 - -7?
4
What is the value of (-8 + 6 - 5) + 15?
8
-4 + (6 - 4) + 8
6
Calculate (-2 - (-1 + -9)) + -7.
1
What is 3 - (-2 - 5 - -6)?
4
Evaluate -6 - (1 + -2) - (-1 + -1).
-3
Calculate 6 + (3 - 5) + -4 + 1.
1
What is the value of 54 + -50 - (-3 - -9)?
-2
Calculate -1 + 1 + -2 + (5 - 1).
2
Calculate (-6 - -3) + (2 - 3).
-4
Evaluate 1 + (2 + -3 - (-1 - 2)).
3
1 + 12 + -4 + -3 + -1
5
Calculate 6 + (-19 - (-23 + 9)).
1
What is -10 - (4 + -6) - -8?
0
What is -6 - (-10 - 1) - 5?
0
What is (-47 - -50) + (0 - -2) - 1?
4
Evaluate 1 - 0 - (9 + -7).
-1
Evaluate -91 + 103 - (0 - -5).
7
7 - (2 + -1 + (-1 - -6))
1
Calculate 26 + 0 + -9 + -10.
7
What is the value of (2 + -3 - 1) + 3 + -1?
0
Calculate 1 - (-2 + 1 + 3 + 3).
-4
Calculate 3 + -3 + (0 - -3) + 2.
5
Evaluate 1 + 15 + -19 + (0 - 1).
-4
What is the value of 3 + -2 - (0 + -7 + 2)?
6
What is the value of -1 - 3 - -7 - (1 - -2)?
0
Evaluate -8 + 5 + 1 + (3 - -3).
4
Calculate -21 - -8 - (2 + -10).
-5
Calculate -6 - (-1 - (3 + -8)) - -3.
-7
What is the value of (-5 - 3 - -21) + -9?
4
Evaluate 19 + -11 + -2 + -10.
-4
What is the value of (-7 - 6) + 11 + -4?
-6
1 - (6 + (-5 - -4))
-4
What is (-2 - -1) + -3 + 1 + 0?
-3
Calculate (-8 + (-2 - -13) - 10) + 15.
8
What is the value of -16 - (-8 + 5 + -4 - -1)?
-10
-4 - (-3 + -10 + 3) - 4
2
Calculate 15 + -13 - (-1 - -3).
0
What is the value of -5 + 11 - (7 - 2)?
1
-2 + (-5 - -9) + 2 + 3
7
106 + -113 + (0 - -1) + 8
2
Calculate -21 + (24 - 13) + 1.
-9
Calculate 32 - 36 - (0 + 1 + -4).
-1
Evaluate (1 - (6 + -1)) + 9.
5
What is (5 - (-2 + 9)) + 2?
0
Calculate 3 - (-3 + 3 + (12 - 13)).
4
What is the value of -9 + 13 - (-2 + 9)?
-3
Evaluate 0 + -8 + -4 + 12.
0
Calculate 0 + 2 + -3 + -10 + 7.
-4
8 - (2 + -1 + 1)
6
-15 - (1 - 7 - 3)
-6
Evaluate -6 + (15 - 6) - 3.
0
-2 + 1 + (-6 - -7) - 2
-2
Calculate -5 - 1 - (-14 - -7).
1
What is 2 + (4 - (-6 - -20))?
-8
Calculate -4 + -5 + (0 - -2).
-7
-1 + 4 + (-1 - (2 + 1))
-1
What is -14 - ((15 - 9) + -13)?
-7
What is (-4 - 1 - (-6 + -3)) + -10?
-6
Evaluate (-1 - (2 + 5)) + (2 - -2).
-4
What is -1 - (8 + -2 - 7)?
0
Calculate -3 + 1 + 2 + -1 + -3.
-4
5 + (1 - 2) - (1 - 0)
3
What is 6 + (-1 - (-2 + 4 + 1))?
2
Calculate -1 + -1 - (-4 - -4).
-2
What is 0 + -5 + (-9 - -12)?
-2
What is 4 + (-5 - (2 + (-5 - -6)))?
-4
What is 9 + -3 + 3 + -3?
6
Calculate 3 + 0 + -1 - 1.
1
Calculate 5 - (3 - (-8 + 11)) - 0.
5
What is (-7 - -3) + -6 + 6 + 3?
-1
What is -2 + (1 - 7) + (0 - -3)?
-5
(-1 - -9) + -4 + 1
5
Evaluate (-8 - (1 - 0 - 2)) + 2.
-5
What is the value of -8 + 4 + 9 + -7?
-2
Calculate (3 - 1) + (2 - 6) - 0.
-2
Evaluate 11 - 14 - (-2 - -2).
-3
Evaluate (23 - 19) + 1 + 0.
5
Calculate 12 + -7 + (-2 - (-10 - -5)).
8
(-4 - (6 - 1) - -2) + 15
8
Calculate -1 + 10 + -1 + -3.
5
Calculate 4 - 3 - (-8 + 6 + -3).
6
0 + (10 - 4) - 2 - 7
-3
What is the value of 43 - 37 - (3 - 1)?
4
What is the value of -12 + (12 - -4) + -7 + 1?
-2
Calculate (3 + 5 - 20) + 8.
-4
What is the value of 3 - (1 + -2 + 6)?
-2
What is -1 - (2 - 3) - 4 - -2?
-2
What is 8 - (3 - (-2 + -1))?
2
9 - (18 - 10 - -4)
-3
What is the value of -25 - -30 - (3 - -1)?
1
-8 + -1 + 5 + (-1 - 0)
-5
Evaluate (4 - 4) + -4 + 3 + -2.
-3
Evaluate 0 - (0 + -2 - (-2 - -4)).
4
What is the value of (-63 - -55) + 7 + -1?
-2
91 + -85 - (1 - -9)
-4
Calculate (25 + -15 - (-1 + 9)) + -8.
-6
Calculate (8 - -6) + (5 - 2 - 8).
9
4 - -4 - (6 - 0)
2
Calculate 3 + 8 + -4 - 4.
3
Calculate -5 + -1 + -3 + -3 + 10.
-2
Evaluate (11 - 1) + -23 + 9 + 12.
8
What is -5 + (0 - 1) + 5 + 2?
1
Evaluate 3 - 13 - (-4 - (4 - 4)).
-6
What is the value of (4 - 0) + (-5 - 0) + 5?
4
Evaluate (-2 - (11 + -17)) + -13.
-9
Evaluate (-11 - -2) + (-11 + 3 - -14).
-3
Evaluate (-6 - -8 - 6 - 0) + -1.
-5
What is -2 - -5 - (0 + -5 - -13)?
-5
What is the value of 6 + (-2 - -2) - 6?
0
3 + 2 + -5 + (-1 - -6)
5
Calculate -34 + 35 + -1 + -6.
-6
What is -1 - 3 - (3 + 3 + -14)?
4
What is 7 - (4 - (-1 - -5) - -3)?
4
Evaluate (0 - 7) + -27 + 33.
-1
-2 + 4 + 2 + -1 + 2
5
Evaluate (-6 - (-16 - -13)) + 1.
-2
What is the value of -3 + 3 + -1 + (0 - 4)?
-5
6 - (5 + -10) - 5
6
What is the value of (-3 - 9) + 1 + 4?
-7
1 - (21 - 8 - 10)
-2
What is the value of 0 - (0 - (2 + -5 + 1))?
-2
What is 0 + 0 - (8 - 6 - 3)?
1
What is the value of -12 - -24 - (5 - 0)?
7
Evaluate 5 + (0 - 5) + -2